e prime factors of 279237296?
2, 13, 23, 58369
List the prime factors of 30006043.
59, 508577
What are the prime factors of 2842379157?
3, 19, 79, 109, 5791
What are the prime factors of 1075070374?
2, 7, 157, 489113
List the prime factors of 90343632.
2, 3, 19, 23, 59, 73
List the prime factors of 3999944016.
2, 3, 29, 33029
What are the prime factors of 45852990?
2, 3, 5, 37, 101, 409
What are the prime factors of 194139734?
2, 23, 739, 5711
What are the prime factors of 87457084?
2, 11, 13, 152897
List the prime factors of 2111480302.
2, 229, 307, 15017
What are the prime factors of 1303298820?
2, 3, 5, 7240549
List the prime factors of 11621851.
149, 77999
List the prime factors of 14854571.
14854571
List the prime factors of 173349106.
2, 7, 1427, 8677
List the prime factors of 3503335252.
2, 23, 38079731
List the prime factors of 108963103.
601, 181303
List the prime factors of 50873387.
31, 1641077
List the prime factors of 86276991.
3, 28758997
What are the prime factors of 313975133?
19, 113, 146239
List the prime factors of 67182344.
2, 8397793
What are the prime factors of 1403960566?
2, 53, 13244911
What are the prime factors of 2732112654?
2, 3, 41, 11106149
List the prime factors of 1066364235.
3, 5, 37, 131, 4889
What are the prime factors of 454331808?
2, 3, 7, 43, 1747
List the prime factors of 220589874.
2, 3, 397, 30869
List the prime factors of 841329319.
1163, 723413
List the prime factors of 485412170.
2, 5, 48541217
List the prime factors of 551205016.
2, 349, 197423
List the prime factors of 596146217.
596146217
List the prime factors of 683526205.
5, 863, 158407
List the prime factors of 32739082.
2, 43, 199, 1913
List the prime factors of 47239861.
23, 37, 55511
What are the prime factors of 19293256?
2, 71, 33967
What are the prime factors of 1016246462?
2, 7, 11, 6599003
List the prime factors of 198762109.
7, 13, 2184199
List the prime factors of 176785759.
137, 173, 7459
List the prime factors of 192949295.
5, 7, 11, 167, 3001
List the prime factors of 2738006462.
2, 127, 523, 20611
What are the prime factors of 23840606?
2, 331, 36013
What are the prime factors of 30758461?
30758461
What are the prime factors of 83027790?
2, 3, 5, 922531
List the prime factors of 50143103.
37, 1355219
What are the prime factors of 59317747?
59317747
What are the prime factors of 35220377?
193, 182489
List the prime factors of 67924519.
13, 5224963
List the prime factors of 2161183759.
7, 41, 101, 10651
What are the prime factors of 2573008284?
2, 3, 7, 11, 839, 3319
What are the prime factors of 55775665?
5, 11, 31, 32713
What are the prime factors of 462895767?
3, 29, 149, 11903
What are the prime factors of 841595364?
2, 3, 701, 33349
What are the prime factors of 83940171?
3, 7, 43, 92957
List the prime factors of 84690881.
11, 67, 114913
What are the prime factors of 4991141988?
2, 3, 7, 19806119
List the prime factors of 1397745351.
3, 23, 6752393
What are the prime factors of 2522323047?
3, 840774349
List the prime factors of 50148149.
50148149
List the prime factors of 1101553643.
53, 79, 263089
What are the prime factors of 402278661?
3, 31, 191, 7549
List the prime factors of 223801755.
3, 5, 751, 19867
What are the prime factors of 159824116?
2, 157, 1621
List the prime factors of 80984022.
2, 3, 7, 17, 101, 1123
List the prime factors of 47608022.
2, 7, 11, 23, 13441
List the prime factors of 763262923.
17, 44897819
What are the prime factors of 119683478?
2, 857, 69827
What are the prime factors of 2612269136?
2, 619, 263759
List the prime factors of 5350028897.
5350028897
What are the prime factors of 377535026?
2, 11, 233, 73651
List the prime factors of 3360992460.
2, 3, 5, 7, 19, 421177
List the prime factors of 280382585.
5, 7, 29, 276239
List the prime factors of 298704513.
3, 1549, 64279
List the prime factors of 683412528.
2, 3, 53, 268637
What are the prime factors of 3826147168?
2, 53, 59, 38237
List the prime factors of 46351596.
2, 3, 109, 35437
List the prime factors of 386064695.
5, 5939, 13001
What are the prime factors of 258649321?
7, 4297, 8599
List the prime factors of 476423419.
17, 71, 394717
What are the prime factors of 158756434?
2, 79378217
List the prime factors of 14368904.
2, 11, 269, 607
What are the prime factors of 49109495?
5, 9821899
What are the prime factors of 1124882486?
2, 7, 13, 17, 363569
List the prime factors of 1508308320.
2, 3, 5, 3142309
What are the prime factors of 274081542?
2, 3, 7, 6525751
List the prime factors of 43549554.
2, 3, 71, 102229
List the prime factors of 359176988.
2, 19, 4726013
What are the prime factors of 29268076?
2, 29, 191, 1321
What are the prime factors of 1362486265?
5, 7, 29, 1103, 1217
What are the prime factors of 568945386?
2, 3, 19, 87557
What are the prime factors of 483464844?
2, 3, 71, 189149
List the prime factors of 100613100.
2, 3, 5, 7, 47911
What are the prime factors of 37352338?
2, 109, 171341
List the prime factors of 4766561029.
35879, 132851
List the prime factors of 498082047.
3, 29, 5725081
What are the prime factors of 5285217?
3, 7, 251677
List the prime factors of 84569738.
2, 11, 3844079
List the prime factors of 30538193.
7, 31, 140729
List the prime factors of 251682034.
2, 6491, 19387
List the prime factors of 757732137.
3, 619, 408041
What are the prime factors of 99388972?
2, 251, 98993
What are the prime factors of 178298235?
3, 5, 29, 317, 431
List the prime factors of 125918190.
2, 3, 5, 43, 32537
List the prime factors of 283548838.
2, 47, 89, 33893
What are the prime factors of 163995568?
2, 11, 53, 17581
What are the prime factors of 88875138?
2, 3, 11, 1346593
List the prime factors of 137395949.
137395949
What are the prime factors of 67703416?
2, 11, 769357
List the prime factors of 292650680.
2, 5, 7, 179, 5839
List the prime factors of 145918985.
5, 1297, 22501
List the prime factors of 12760821.
3, 257, 613
What are the prime factors of 353637134?
2, 241, 733687
What are the prime factors of 26305226?
2, 13152613
What are the prime factors of 3284293985?
5, 7, 61, 1538311
What are the prime factors of 846212168?
2, 8069, 13109
List the prime factors of 30470651.
30470651
List the prime factors of 60647357.
5051, 12007
List the prime factors of 7530576.
2, 3, 156887
List the prime factors of 1837394623.
41, 44814503
What are the prime factors of 23043722?
2, 13, 41, 21617
List the prime factors of 147383745.
3, 5, 101, 97283
What are the prime factors of 2041969520?
2, 5, 19, 47, 101, 283
What are the prime factors of 20807246?
2, 37, 317, 887
List the prime factors of 60932968.
2, 7616621
What are the prime factors of 26054371?
7, 3722053
List the prime factors of 245643797.
7, 35091971
What are the prime factors of 1702126912?
2, 103, 258211
What are the prime factors of 1034242795?
5, 53, 3902803
What are the prime factors of 1309403628?
2, 3, 13, 73, 38327
What are the prime factors of 139616112?
2, 3, 2908669
List the prime factors of 21403583.
541, 39563
What are the prime factors of 172883161?
11, 967, 16253
What are the prime factors of 352151098?
2, 13, 13544273
What are the prime factors of 1213133089?
7, 173304727
What are the prime factors of 6975304209?
3, 827, 839, 1117
What are the prime factors of 141781989?
3, 17, 2780039
What are the prime factors of 2224015694?
2, 1231, 903337
List the prime factors of 2791699.
2791699
What are the prime factors of 736502790?
2, 3, 5, 24550093
What are the prime factors of 2982791588?
2, 7, 106528271
What are the prime factors of 329948994?
2, 3, 54991499
What are the prime factors of 1332609697?
751, 1774447
What are the prime factors of 2124836849?
41, 51825289
List the prime factors of 41482244.
2, 17, 19, 97, 331
What are the prime factors of 63629672?
2, 97, 167, 491
What are the prime factors of 4294044726?
2, 3, 19, 449, 83891
What are the prime factors of 380409915?
3, 5, 25360661
List the prime factors of 3649938557.
211, 17298287
What are the prime factors of 8918409?
3, 2972803
List the prime factors of 49302563.
49302563
List the prime factors of 10012977.
3, 13, 37, 257
What are the prime factors of 251547740?
2, 5, 29, 433703
List the prime factors of 3684079475.
5, 59, 227, 11003
What are the prime factors of 646220408?
2, 563, 143477
